{"id":133,"date":"2024-08-16T14:45:53","date_gmt":"2024-08-16T12:45:53","guid":{"rendered":"https:\/\/villaloha.com\/?page_id=133"},"modified":"2025-11-15T11:15:46","modified_gmt":"2025-11-15T10:15:46","slug":"villa-eva","status":"publish","type":"page","link":"https:\/\/villaloha.com\/index.php\/villa-eva\/","title":{"rendered":"Villa EVA"},"content":{"rendered":"\n<p>Charmante Villa situ\u00e9e \u00e0 200 m\u00e8tres de la plage, 2 chambres, 2 salles de bain, balcon et jardin plein sud pour un s\u00e9jour au calme.<\/p>\n\n\n\n<p>Attention cette villa comporte des escaliers.<\/p>\n\n\n\n<p>Tout confort pour 4 personnes. Le linge de maison est compris dans la location.<\/p>\n\n\n\n<p>250\u20ac\/nuit, location \u00e0 la semaine de juin \u00e0 ao\u00fbt.<\/p>\n\n\n\n<p>Cette villa est aussi disponible en mode maison d&#8217;h\u00f4tes pour 2\/4 personnes, minimum 1 nuit. 120\/220\u20ac la nuit de avril \u00e0 octobre. Possibilit\u00e9 petit d\u00e9jeuner.<\/p>\n\n\n\n<p>Pour toute demande d\u2019informations et de r\u00e9servations, veuillez nous contacter au 0033(0)611423805 ou par mail \u00e0 alohabar59@gmail.com<\/p>\n\n\n\n<p><\/p>\n\n\n\n<p>Charming villa located 200 meters from the beach, 2 bedrooms, 2 bathrooms, balcony and south facing garden for a quiet stay.<\/p>\n\n\n\n<p>Attention this villa has stairs.<\/p>\n\n\n\n<p>Comfortable for 4 people. Bed linen is included in the rental.<\/p>\n\n\n\n<p>250\u20ac\/night, weekly rental from June to August.<\/p>\n\n\n\n<p>This villa is also available as a guest house for 2\/4 people, minimum 1 night. 120\/220\u20ac the night from April to October. Possibility breakfast.<\/p>\n\n\n\n<p>For any information and reservation request, please contact us at 0033(0)611423805 or by email at alohabar59@gmail.com<\/p>\n\n\n\n<p><\/p>\n\n\n\n<figure class=\"wp-block-image size-large is-resized\"><img loading=\"lazy\" decoding=\"async\" width=\"768\" height=\"1024\" src=\"http:\/\/villaloha.com\/wp-content\/uploads\/2024\/08\/IMG_6806-2-768x1024.jpg\" alt=\"\" class=\"wp-image-247\" style=\"width:675px;height:auto\" srcset=\"https:\/\/villaloha.com\/wp-content\/uploads\/2024\/08\/IMG_6806-2-768x1024.jpg 768w, https:\/\/villaloha.com\/wp-content\/uploads\/2024\/08\/IMG_6806-2-225x300.jpg 225w, https:\/\/villaloha.com\/wp-content\/uploads\/2024\/08\/IMG_6806-2-1152x1536.jpg 1152w, https:\/\/villaloha.com\/wp-content\/uploads\/2024\/08\/IMG_6806-2-1536x2048.jpg 1536w, https:\/\/villaloha.com\/wp-content\/uploads\/2024\/08\/IMG_6806-2-scaled.jpg 1920w\" sizes=\"auto, (max-width: 706px) 89vw, (max-width: 767px) 82vw, 740px\" \/><\/figure>\n\n\n\n<p><a href=\"https:\/\/villaloha.com\">RETOUR A LA PAGE D ACCUEIL<\/a><\/p>\n\n\n\n<p><a href=\"https:\/\/villaloha.com\">BACK TO HOME PAGE<\/a><\/p>\n\n\n\n<p><\/p>\n","protected":false},"excerpt":{"rendered":"<p>Charmante Villa situ\u00e9e \u00e0 200 m\u00e8tres de la plage, 2 chambres, 2 salles de bain, balcon et jardin plein sud pour un s\u00e9jour au calme. Attention cette villa comporte des escaliers. Tout confort pour 4 personnes. Le linge de maison est compris dans la location. 250\u20ac\/nuit, location \u00e0 la semaine de juin \u00e0 ao\u00fbt. Cette &hellip; <\/p>\n<p class=\"link-more\"><a href=\"https:\/\/villaloha.com\/index.php\/villa-eva\/\" class=\"more-link\">Continue reading<span class=\"screen-reader-text\"> &#8220;Villa EVA&#8221;<\/span><\/a><\/p>\n","protected":false},"author":1,"featured_media":249,"parent":0,"menu_order":0,"comment_status":"closed","ping_status":"closed","template":"","meta":{"footnotes":""},"class_list":["post-133","page","type-page","status-publish","has-post-thumbnail","hentry"],"_links":{"self":[{"href":"https:\/\/villaloha.com\/index.php\/wp-json\/wp\/v2\/pages\/133","targetHints":{"allow":["GET"]}}],"collection":[{"href":"https:\/\/villaloha.com\/index.php\/wp-json\/wp\/v2\/pages"}],"about":[{"href":"https:\/\/villaloha.com\/index.php\/wp-json\/wp\/v2\/types\/page"}],"author":[{"embeddable":true,"href":"https:\/\/villaloha.com\/index.php\/wp-json\/wp\/v2\/users\/1"}],"replies":[{"embeddable":true,"href":"https:\/\/villaloha.com\/index.php\/wp-json\/wp\/v2\/comments?post=133"}],"version-history":[{"count":17,"href":"https:\/\/villaloha.com\/index.php\/wp-json\/wp\/v2\/pages\/133\/revisions"}],"predecessor-version":[{"id":385,"href":"https:\/\/villaloha.com\/index.php\/wp-json\/wp\/v2\/pages\/133\/revisions\/385"}],"wp:featuredmedia":[{"embeddable":true,"href":"https:\/\/villaloha.com\/index.php\/wp-json\/wp\/v2\/media\/249"}],"wp:attachment":[{"href":"https:\/\/villaloha.com\/index.php\/wp-json\/wp\/v2\/media?parent=133"}],"curies":[{"name":"wp","href":"https:\/\/api.w.org\/{rel}","templated":true}]}}