{"id":129,"date":"2024-08-16T14:40:44","date_gmt":"2024-08-16T12:40:44","guid":{"rendered":"https:\/\/villaloha.com\/?page_id=129"},"modified":"2025-11-15T11:14:56","modified_gmt":"2025-11-15T10:14:56","slug":"villa-aloha","status":"publish","type":"page","link":"https:\/\/villaloha.com\/index.php\/villa-aloha\/","title":{"rendered":"Villa ALOHA"},"content":{"rendered":"\n<p>Villa d architecte, face \u00e0 la mer avec acc\u00e8s direct sur la plage, 3 chambres, 2 salles de bain, balcon face mer et terrasses plein sud pour un s\u00e9jour de r\u00eave.<\/p>\n\n\n\n<p>Attention, cette villa comporte des escaliers.<\/p>\n\n\n\n<p>Tout confort pour 6 personnes. Le linge de maison est compris dans la location.<\/p>\n\n\n\n<p>380\u20ac\/nuit, location uniquement \u00e0 la semaine.<\/p>\n\n\n\n<p>Disponible de juin \u00e0 septembre.<\/p>\n\n\n\n<p>Pour toute demande d\u2019informations et de r\u00e9servations, veuillez nous contacter au 0033(0)611423805 ou par mail \u00e0 <a href=\"mailto:alohabar59@gmail.com\">alohabar59@gmail.com<\/a><\/p>\n\n\n\n<p>Architect\u2019s villa, facing the sea with direct access to the beach, 3 bedrooms, 2 bathrooms, balcony seaview and terraces facing south for a dream stay.<\/p>\n\n\n\n<p>Attention this villa has stairs.<\/p>\n\n\n\n<p>Comfortable for 6 people. Bed linen is included in the rental.<\/p>\n\n\n\n<p>380\u20ac\/night, weekly rental only.<\/p>\n\n\n\n<p>Available from jun to september.<\/p>\n\n\n\n<p>For any information and reservation request, please contact us at 0033(0)611423805 or by email at alohabar59@gmail.com<\/p>\n\n\n\n<figure class=\"wp-block-gallery has-nested-images columns-default is-cropped wp-block-gallery-1 is-layout-flex wp-block-gallery-is-layout-flex\">\n<figure class=\"wp-block-image size-large\"><img loading=\"lazy\" decoding=\"async\" width=\"768\" height=\"1024\" data-id=\"355\" src=\"https:\/\/villaloha.com\/wp-content\/uploads\/2024\/09\/IMG_6669-1-768x1024.jpg\" alt=\"\" class=\"wp-image-355\" srcset=\"https:\/\/villaloha.com\/wp-content\/uploads\/2024\/09\/IMG_6669-1-768x1024.jpg 768w, https:\/\/villaloha.com\/wp-content\/uploads\/2024\/09\/IMG_6669-1-225x300.jpg 225w, https:\/\/villaloha.com\/wp-content\/uploads\/2024\/09\/IMG_6669-1-1152x1536.jpg 1152w, https:\/\/villaloha.com\/wp-content\/uploads\/2024\/09\/IMG_6669-1-1536x2048.jpg 1536w, https:\/\/villaloha.com\/wp-content\/uploads\/2024\/09\/IMG_6669-1-scaled.jpg 1920w\" sizes=\"auto, (max-width: 706px) 89vw, (max-width: 767px) 82vw, 740px\" \/><\/figure>\n<\/figure>\n\n\n\n<p><a href=\"https:\/\/villaloha.com\">RETOUR A LA PAGE D ACCUEIL<\/a><\/p>\n\n\n\n<p><a href=\"https:\/\/villaloha.com\">BACK TO HOME PAGE<\/a><\/p>\n","protected":false},"excerpt":{"rendered":"<p>Villa d architecte, face \u00e0 la mer avec acc\u00e8s direct sur la plage, 3 chambres, 2 salles de bain, balcon face mer et terrasses plein sud pour un s\u00e9jour de r\u00eave. Attention, cette villa comporte des escaliers. Tout confort pour 6 personnes. Le linge de maison est compris dans la location. 380\u20ac\/nuit, location uniquement \u00e0 &hellip; <\/p>\n<p class=\"link-more\"><a href=\"https:\/\/villaloha.com\/index.php\/villa-aloha\/\" class=\"more-link\">Continue reading<span class=\"screen-reader-text\"> &#8220;Villa ALOHA&#8221;<\/span><\/a><\/p>\n","protected":false},"author":1,"featured_media":262,"parent":0,"menu_order":0,"comment_status":"closed","ping_status":"closed","template":"","meta":{"footnotes":""},"class_list":["post-129","page","type-page","status-publish","has-post-thumbnail","hentry"],"_links":{"self":[{"href":"https:\/\/villaloha.com\/index.php\/wp-json\/wp\/v2\/pages\/129","targetHints":{"allow":["GET"]}}],"collection":[{"href":"https:\/\/villaloha.com\/index.php\/wp-json\/wp\/v2\/pages"}],"about":[{"href":"https:\/\/villaloha.com\/index.php\/wp-json\/wp\/v2\/types\/page"}],"author":[{"embeddable":true,"href":"https:\/\/villaloha.com\/index.php\/wp-json\/wp\/v2\/users\/1"}],"replies":[{"embeddable":true,"href":"https:\/\/villaloha.com\/index.php\/wp-json\/wp\/v2\/comments?post=129"}],"version-history":[{"count":27,"href":"https:\/\/villaloha.com\/index.php\/wp-json\/wp\/v2\/pages\/129\/revisions"}],"predecessor-version":[{"id":384,"href":"https:\/\/villaloha.com\/index.php\/wp-json\/wp\/v2\/pages\/129\/revisions\/384"}],"wp:featuredmedia":[{"embeddable":true,"href":"https:\/\/villaloha.com\/index.php\/wp-json\/wp\/v2\/media\/262"}],"wp:attachment":[{"href":"https:\/\/villaloha.com\/index.php\/wp-json\/wp\/v2\/media?parent=129"}],"curies":[{"name":"wp","href":"https:\/\/api.w.org\/{rel}","templated":true}]}}